e the prime factors of 238953190?
2, 5, 7, 17, 113, 1777
List the prime factors of 282003922.
2, 17, 8294233
What are the prime factors of 1891715?
5, 7, 54049
List the prime factors of 6340338.
2, 3, 19, 18539
What are the prime factors of 17571557?
17, 59, 17519
List the prime factors of 21516077.
11, 31, 63097
List the prime factors of 52904173.
7, 383, 2819
List the prime factors of 73086904.
2, 11, 75503
What are the prime factors of 21941789?
19, 317, 3643
List the prime factors of 26292851.
13, 155579
List the prime factors of 137798968.
2, 31, 593, 937
What are the prime factors of 287579595?
3, 5, 1549, 12377
List the prime factors of 1538630827.
1538630827
List the prime factors of 81310299.
3, 7, 3871919
What are the prime factors of 504168516?
2, 3, 1039, 4493
List the prime factors of 292167632.
2, 3137, 5821
List the prime factors of 133065459.
3, 41, 360611
What are the prime factors of 120593051?
1499, 80449
What are the prime factors of 8537509?
191, 44699
What are the prime factors of 368465651?
19, 2039, 9511
What are the prime factors of 478610666?
2, 239305333
List the prime factors of 1648004729.
7, 19, 1663, 7451
List the prime factors of 114673339.
11, 131, 79579
What are the prime factors of 3014494?
2, 7, 197, 1093
What are the prime factors of 659993891?
659993891
What are the prime factors of 787235233?
311, 677, 3739
What are the prime factors of 38050958?
2, 11, 19, 29, 43, 73
What are the prime factors of 370646352?
2, 3, 163, 15791
List the prime factors of 52818782.
2, 26409391
List the prime factors of 272012811.
3, 7, 983, 13177
List the prime factors of 2135578418.
2, 1549, 689341
List the prime factors of 336555378.
2, 3, 257, 24251
List the prime factors of 1205284730.
2, 5, 13, 9271421
What are the prime factors of 138291620?
2, 5, 31, 223051
What are the prime factors of 256976065?
5, 53, 969721
What are the prime factors of 235931856?
2, 3, 727, 6761
List the prime factors of 616814993.
19, 4657, 6971
What are the prime factors of 4846746383?
271, 17884673
List the prime factors of 675490949.
7, 41, 251, 9377
List the prime factors of 29201180.
2, 5, 1460059
What are the prime factors of 787972568?
2, 1091, 90281
What are the prime factors of 283966791?
3, 94655597
What are the prime factors of 110285746?
2, 55142873
List the prime factors of 23202014.
2, 11, 571, 1847
What are the prime factors of 307008302?
2, 3001, 51151
List the prime factors of 20283935.
5, 7, 579541
List the prime factors of 78806224.
2, 7, 19, 29, 1277
What are the prime factors of 37814376?
2, 3, 29, 54331
List the prime factors of 123378083.
97, 1271939
List the prime factors of 1676276201.
1493, 1122757
What are the prime factors of 2873997775?
5, 11, 23, 454387
List the prime factors of 2708626476.
2, 3, 225718873
List the prime factors of 2817994223.
11, 256181293
List the prime factors of 405721362.
2, 3, 67620227
What are the prime factors of 587577018?
2, 3, 7, 17, 107, 7691
What are the prime factors of 2908121336?
2, 12203, 29789
List the prime factors of 753006664.
2, 149, 631717
What are the prime factors of 4575728841?
3, 73, 20893739
List the prime factors of 58355784.
2, 3, 23, 131, 269
List the prime factors of 291911879.
7, 17, 331, 7411
What are the prime factors of 5790642992?
2, 71, 941, 5417
What are the prime factors of 25255377?
3, 7, 311, 1289
List the prime factors of 145272730.
2, 5, 37, 392629
What are the prime factors of 78162765?
3, 5, 5210851
List the prime factors of 233261933.
233261933
What are the prime factors of 5618829?
3, 1872943
What are the prime factors of 737584779?
3, 245861593
List the prime factors of 45691696.
2, 2855731
What are the prime factors of 4804509303?
3, 11, 109, 148411
List the prime factors of 65572066.
2, 7, 37, 103, 1229
What are the prime factors of 136271846?
2, 31, 2197933
What are the prime factors of 164081965?
5, 32816393
What are the prime factors of 486147310?
2, 5, 11, 67, 65963
What are the prime factors of 2301892382?
2, 17747, 64853
What are the prime factors of 413972918?
2, 229, 903871
What are the prime factors of 1810577357?
1810577357
List the prime factors of 6376102.
2, 197, 16183
List the prime factors of 36625288.
2, 7, 654023
What are the prime factors of 5771362250?
2, 5, 23085449
What are the prime factors of 176149256?
2, 293, 75149
List the prime factors of 1485348325.
5, 59413933
List the prime factors of 1617880363.
11, 97, 1516289
What are the prime factors of 341911156?
2, 19, 4498831
What are the prime factors of 457630309?
457630309
What are the prime factors of 71204425?
5, 29, 98213
List the prime factors of 410400682.
2, 205200341
List the prime factors of 464381508.
2, 3, 19, 157, 12973
What are the prime factors of 293580053?
13, 22583081
List the prime factors of 749897901.
3, 53, 1572113
What are the prime factors of 91110924?
2, 3, 29, 197, 443
What are the prime factors of 97766867?
11, 8887897
List the prime factors of 200318835.
3, 5, 13354589
What are the prime factors of 35656146?
2, 3, 660299
List the prime factors of 346956605.
5, 349, 198829
What are the prime factors of 995342180?
2, 5, 7, 17, 37, 89, 127
What are the prime factors of 93601139?
107, 874777
What are the prime factors of 92468738?
2, 46234369
What are the prime factors of 95330739?
3, 7, 61, 74419
What are the prime factors of 79243258?
2, 39621629
List the prime factors of 205409638.
2, 7, 79, 185723
List the prime factors of 5216378294.
2, 17, 19, 263, 30703
What are the prime factors of 46964619?
3, 13, 401407
What are the prime factors of 1904181623?
36151, 52673
List the prime factors of 448160647.
11, 17, 223, 977
List the prime factors of 29258689.
19, 81049
What are the prime factors of 1224601554?
2, 3, 11, 1686779
What are the prime factors of 45131108?
2, 11, 1025707
List the prime factors of 18163260.
2, 3, 5, 100907
What are the prime factors of 2469137242?
2, 11, 13, 8633347
List the prime factors of 541201801.
7, 77314543
What are the prime factors of 132036763?
283, 466561
List the prime factors of 636025349.
636025349
What are the prime factors of 4107075476?
2, 7, 1609, 91163
What are the prime factors of 1034437306?
2, 7, 73888379
List the prime factors of 37020662.
2, 7, 17, 23, 6763
List the prime factors of 1687289653.
7, 71, 83, 40903
What are the prime factors of 243315749?
1277, 190537
List the prime factors of 16481552.
2, 127, 8111
What are the prime factors of 1099064?
2, 137383
What are the prime factors of 10978856?
2, 7, 196051
What are the prime factors of 240227752?
2, 599, 50131
List the prime factors of 4612709586.
2, 3, 17, 45222643
List the prime factors of 1286787398.
2, 13, 49491823
What are the prime factors of 67157353?
89, 754577
List the prime factors of 5972382983.
7, 2531, 48157
List the prime factors of 2095311116.
2, 53, 73, 135391
What are the prime factors of 666880120?
2, 5, 43, 387721
What are the prime factors of 1620893775?
3, 5, 21611917
List the prime factors of 149555537.
149555537
What are the prime factors of 354658243?
577, 614659
What are the prime factors of 52851283?
17, 163, 19073
What are the prime factors of 1805411404?
2, 23, 457, 1867
List the prime factors of 12014660.
2, 5, 7, 85819
What are the prime factors of 5023174799?
19, 53, 349, 14293
List the prime factors of 151270930.
2, 5, 17, 889829
What are the prime factors of 53019052?
2, 31, 59, 7247
What are the prime factors of 2411541711?
3, 37, 53, 107, 1277
List the prime factors of 606393494.
2, 7, 3539, 12239
List the prime factors of 135740441.
83, 233, 7019
List the prime factors of 36996071.
7, 971, 5443
What are the prime factors of 364888951?
7, 23, 71, 137, 233
List the prime factors of 141934052.
2, 13, 2729501
List the prime factors of 16221536.
2, 17, 29819
What are the prime factors of 7300824856?
2, 13, 107, 656077
What are the prime factors of 392846981?
229, 1715489
List the prime factors of 505639869.
3, 7, 937, 3671
List the prime factors of 5668075293.
3, 173, 10921147
List the prime factors of 19995631.
59, 338909
List the prime factors of 210706821.
3, 13, 1800913
What are the prime factors of 531984672?
2, 3, 17, 12073
List the prime factors of 553073090.
2, 5, 19, 2910911
List the prime factors of 90172873.